6248 is divided by 713?
712
What is the remainder when 5644326 is divided by 2966?
28
Calculate the remainder when 523199 is divided by 261599.
1
Calculate the remainder when 636534 is divided by 142.
90
Calculate the remainder when 30126776 is divided by 30.
26
Calculate the remainder when 331138024 is divided by 6275.
6274
Calculate the remainder when 37509 is divided by 249.
159
Calculate the remainder when 2260249 is divided by 341.
101
Calculate the remainder when 13872620 is divided by 10462.
8
What is the remainder when 355751 is divided by 25410?
11
Calculate the remainder when 5047013 is divided by 1437.
269
Calculate the remainder when 344795888 is divided by 86198970.
8
What is the remainder when 9836392 is divided by 2100?
2092
Calculate the remainder when 292862 is divided by 146183.
496
Calculate the remainder when 6025879 is divided by 14.
13
What is the remainder when 195213 is divided by 1952?
13
What is the remainder when 32890930 is divided by 2207?
9
Calculate the remainder when 1043952 is divided by 855.
852
Calculate the remainder when 413753035 is divided by 24.
19
What is the remainder when 4948376 is divided by 23123?
54
What is the remainder when 353589 is divided by 353388?
201
Calculate the remainder when 659103 is divided by 5537.
200
Calculate the remainder when 69804 is divided by 547.
335
Calculate the remainder when 196422 is divided by 1598.
1466
What is the remainder when 174394 is divided by 13341?
961
Calculate the remainder when 50831450 is divided by 407.
406
Calculate the remainder when 15149635 is divided by 42.
25
Calculate the remainder when 87416971 is divided by 27165.
1
Calculate the remainder when 15262670 is divided by 1951.
1948
Calculate the remainder when 2465291 is divided by 2091.
2
Calculate the remainder when 5140876 is divided by 72401.
405
Calculate the remainder when 2144027 is divided by 23821.
137
Calculate the remainder when 77365 is divided by 473.
266
Calculate the remainder when 671137 is divided by 6213.
133
Calculate the remainder when 4501947 is divided by 44.
43
Calculate the remainder when 280875 is divided by 468.
75
What is the remainder when 9232299 is divided by 1352?
843
What is the remainder when 262373 is divided by 1033?
1024
What is the remainder when 133879 is divided by 817?
708
Calculate the remainder when 8004079 is divided by 377.
369
What is the remainder when 1845570 is divided by 165?
45
Calculate the remainder when 14378143 is divided by 83.
53
What is the remainder when 2118300 is divided by 706099?
3
Calculate the remainder when 306465 is divided by 2743.
1992
Calculate the remainder when 5643479 is divided by 72.
47
Calculate the remainder when 4546 is divided by 895.
71
Calculate the remainder when 60612078 is divided by 4143.
4131
Calculate the remainder when 13347804 is divided by 126.
120
Calculate the remainder when 624611 is divided by 1105.
286
Calculate the remainder when 2462182 is divided by 22181.
91
What is the remainder when 6124491 is divided by 667?
97
Calculate the remainder when 155550742 is divided by 39360.
22
Calculate the remainder when 27810789 is divided by 1378.
1371
Calculate the remainder when 41551065 is divided by 8485.
20
Calculate the remainder when 12369239 is divided by 20.
19
Calculate the remainder when 1396104 is divided by 99718.
52
What is the remainder when 84489 is divided by 57?
15
What is the remainder when 20736200 is divided by 16?
8
Calculate the remainder when 1711381 is divided by 855672.
37
What is the remainder when 45497 is divided by 891?
56
What is the remainder when 35263 is divided by 5737?
841
What is the remainder when 12597208 is divided by 779?
778
Calculate the remainder when 139625 is divided by 139485.
140
What is the remainder when 1826877 is divided by 32?
29
What is the remainder when 7362111 is divided by 199?
106
Calculate the remainder when 1197607 is divided by 147.
145
What is the remainder when 69427761 is divided by 6184?
6177
What is the remainder when 20903891 is divided by 908863?
42
Calculate the remainder when 4681908 is divided by 4681899.
9
Calculate the remainder when 1960879 is divided by 980436.
7
Calculate the remainder when 101989420 is divided by 427.
43
What is the remainder when 39059226 is divided by 203?
199
Calculate the remainder when 204678 is divided by 2770.
2468
Calculate the remainder when 254965915 is divided by 3409.
3396
Calculate the remainder when 49243638 is divided by 47.
46
What is the remainder when 12100189 is divided by 4033390?
19
Calculate the remainder when 1653344 is divided by 87018.
2
What is the remainder when 22317516 is divided by 626?
616
What is the remainder when 152344 is divided by 24163?
7366
What is the remainder when 125615 is divided by 7?
0
What is the remainder when 30461601 is divided by 290?
1
What is the remainder when 71054 is divided by 900?
854
Calculate the remainder when 3091928 is divided by 3.
2
What is the remainder when 9235495 is divided by 75?
70
What is the remainder when 3776262 is divided by 125?
12
Calculate the remainder when 3329803 is divided by 1543.
9
Calculate the remainder when 8530386 is divided by 741.
735
What is the remainder when 475133 is divided by 23748?
173
Calculate the remainder when 10580 is divided by 1361.
1053
What is the remainder when 69058 is divided by 663?
106
Calculate the remainder when 554999 is divided by 184971.
86
What is the remainder when 65660 is divided by 13099?
165
Calculate the remainder when 13436 is divided by 1234.
1096
Calculate the remainder when 3060718 is divided by 465.
88
What is the remainder when 31109983 is divided by 80?
63
Calculate the remainder when 2086288 is divided by 6730.
6718
Calculate the remainder when 10402909 is divided by 442.
439
What is the remainder when 612511 is divided by 10560?
31
What is the remainder when 698852 is divided by 522?
416
What is the remainder when 1931297760 is divided by 17411?
17407
What is the remainder when 6303423 is divided by 766?
9
Calculate the remainder when 22633658 is divided by 763.
26
What is the remainder when 9386232 is divided by 293316?
120
Calculate the remainder when 110651 is divided by 110597.
54
What is the remainder when 4438637 is divided by 27398?
161
What is the remainder when 112987780 is divided by 340?
0
Calculate the remainder when 191031 is divided by 64.
55
Calculate the remainder when 22934 is divided by 11298.
338
What is the remainder when 2019259 is divided by 809?
804
Calculate the remainder when 2796479 is divided by 307.
16
What is the remainder when 28488 is divided by 886?
136
What is the remainder when 14914028 is divided by 14913973?
55
Calculate the remainder when 59735463 is divided by 1778.
1775
Calculate the remainder when 66275490 is divided by 66275490.
0
What is the remainder when 812608 is divided by 135433?
10
What is the remainder when 1167834 is divided by 60?
54
What is the remainder when 570817 is divided by 215?
207
What is the remainder when 615952 is divided by 3329?
87
Calculate the remainder when 1041919 is divided by 28942.
7
Calculate the remainder when 18919285 is divided by 185483.
19
What is the remainder when 23306314 is divided by 11653057?
200
Calculate the remainder when 5279017 is divided by 30339.
31
What is the remainder when 2110968 is divided by 2110821?
147
What is the remainder when 30362820 is divided by 421?
300
What is the remainder when 39442 is divided by 13144?
10
What is the remainder when 430631 is divided by 1249?
975
What is the remainder when 410117 is divided by 102520?
37
What is the remainder when 519741 is divided by 9124?
8797
Calculate the remainder when 5728186 is divided by 4366.
4360
What is the remainder when 125604 is divided by 408?
348
Calculate the remainder when 4244705 is divided by 6326.
6285
What is the remainder when 28614 is divided by 2841?
204
Calculate the remainder when 565045 is divided by 13027.
4884
What is the remainder when 57216625 is divided by 19072208?
1
What is the remainder when 278225 is divided by 651?
248
Calculate the remainder when 3328486 is divided by 614.
606
What is the remainder when 272688073 is divided by 765?
763
Calculate the remainder when 8900430 is divided by 161826.
0
What is the re